2*k + 248 - 34 = 3*m, 512 = -5*k - 4*m. Let r = -60 - k. What is the units digit of r?
4
Let h = -2 + 5. Suppose -h*a + 14 = -1. Suppose 3*f = r - 3*r + 3, -a*r - 2*f + 24 = 0. What is the units digit of r?
6
What is the units digit of (-7)/(175/(-10))*175?
0
Let v(o) be the first derivative of o**3/3 + 5*o**2 + 6*o + 1. Let j be v(-9). What is the units digit of ((-1)/j)/((-1)/(-3))?
1
Suppose 29*t + 592 = 31*t. What is the hundreds digit of t?
2
Let b be (-9)/7 + (-2)/(-7). Let r be (-2)/4*(-7 + b). Suppose r*f - 3 = 3*f. What is the units digit of f?
3
What is the hundreds digit of (-6)/8 + (-8307)/(-36) + -9?
2
Let y(f) = -f + 46. Let o be y(0). Suppose 0 = -3*v + 5*q + 72, -4*v + 27 = q - o. What is the units digit of v?
9
Let m = 20 + -10. What is the tens digit of m?
1
Suppose -z = z - 6. Suppose -z*c + 3*k + k + 9 = 0, -2*k - 6 = -2*c. Suppose 3 = -c*h + 6*h. What is the units digit of h?
1
Suppose -36 + 114 = 3*d + 4*s, 4*s + 10 = d. Let l = -14 + d. What is the units digit of l?
8
Let n = 6 + 6. Let j = -6 + n. What is the units digit of j?
6
What is the units digit of (13 + 33)*2/4?
3
Let y = 0 - -2. Let r(f) = f**2 - 3*f + 3. Let x be r(y). What is the units digit of x + (-3)/(-3 - 0)?
2
Let k(b) = b**2 + b - 4. Let r be k(2). Suppose -r*x - 2*l + 30 = -3*l, 0 = -5*x - 3*l + 75. What is the tens digit of x?
1
Let z = 14 - 23. Let f = z + 5. What is the units digit of ((-10)/f)/((-1)/(-2))?
5
Suppose -4*r + t = -1394, -3*r - t + 54 = -988. What is the units digit of r?
8
Let q(o) be the third derivative of o**4/24 + o**3/3 - 2*o**2. Let r be q(0). Suppose -b = -1 - r. What is the units digit of b?
3
Suppose -2*x = 2*b, 0 = -4*x + 5*b + 18 + 27. Suppose -3*q = x*p - 31, -p = -4*q - q + 5. What is the units digit of p?
5
Let x = 439 - 258. What is the hundreds digit of x?
1
Let x be 327/3 - 1/(-1). Suppose -3*t = 3*w - 39, -6*w + x = -w - 4*t. What is the units digit of w?
8
Suppose -3*p - 9 = -6*p - 5*k, -2*p = 5*k - 1. Suppose p = y + 2. What is the units digit of y?
6
Suppose 4*r - 5 = 3. Let p(u) = u. Let m be p(r). Suppose m*x = -i - 0*x - 5, -i = -2*x - 7. What is the units digit of i?
1
Suppose 4*y = -3*i - 343, 0*y - 3*y - 3*i = 261. What is the tens digit of (-2)/5 - y/5?
1
Let h = 3 + 1. Let t(v) = v**3 + 4*v**2 - 6*v + 7. Let p be t(-5). Suppose -l - l + p = 2*z, h*l + z - 12 = 0. What is the units digit of l?
2
Let a(z) = 215*z**3 - z**2 + z + 1. What is the hundreds digit of a(1)?
2
Suppose 5*o + 2*u - 135 = 0, 6*u = 5*o + 2*u - 135. What is the units digit of o?
7
Let h be 58/(-5) + 6/(-15). Let b = h + 8. Let d(i) = i**3 + 4*i**2 + 1. What is the units digit of d(b)?
1
Suppose 0 - 40 = -2*a. What is the tens digit of a?
2
Suppose 0 = p - 2*p + 20. Let q = p + 4. Let c = q + -14. What is the tens digit of c?
1
Let f be (-1 + 4/2)*7. Let q(l) = -l + 1. Let h(a) = -3*a - 4. Let r(w) = -h(w) + 4*q(w). What is the units digit of r(f)?
1
Let n = 4 + -2. Let h be (n + 9/(-6))*2. Let p = 5 - h. What is the units digit of p?
4
Let i = 10 - -24. What is the units digit of i?
4
Let s(g) = -2*g**3 - 4*g**2 - 2*g + 2. Let y be s(-2). What is the units digit of ((-4)/y)/(2/(-36))?
2
What is the tens digit of (-3)/((-138)/129 - -1)?
4
Let s(t) = t**3 - t**2 - 7. What is the units digit of s(3)?
1
Let l = 1 - -4. Suppose -3*c + l*c = 0. Suppose -3 + c = -v. What is the units digit of v?
3
Suppose 2*d - 4*y = 4*d, 0 = -5*d + 2*y + 36. Let o(r) = 2*r**2 - 10*r + 7. What is the tens digit of o(d)?
1
Let u(s) = -s**2 + 3*s + 4. Let f be u(4). Let c = f + 2. Suppose -1 = c*i - 21. What is the units digit of i?
0
Suppose -2 + 420 = 2*a. What is the units digit of a?
9
Suppose x = -4 + 11. What is the units digit of x?
7
Suppose 0 = 4*d + 5*a - 2, -2*d - 4*a + 7 = 3*d. Suppose -d*y + 4*y + 5 = 0. What is the units digit of y + 11 - (-1 + 1)?
6
Let p(d) = -d**3 - d**2 - d + 4. What is the units digit of p(-3)?
5
Suppose 4*k - 27 = k. Let w = 2 + k. What is the tens digit of w?
1
Suppose 0 = -3*y - 7 + 43. What is the units digit of y?
2
Let i(g) = 5*g**3 - g**2. Let n be i(1). Suppose -2*p + n*j = -62, -4*p + 2*j = -p - 105. What is the units digit of p?
7
Let m = -74 - -95. What is the tens digit of m?
2
Let c(k) be the second derivative of k**5/20 - 11*k**4/12 + 13*k**3/6 - 15*k**2/2 - 2*k. What is the units digit of c(10)?
5
Let f be (3 - 2) + -2 - -8. Let g be f*-2*(-5)/(-10). Let q = 13 + g. What is the units digit of q?
6
Let g be 1/1 - (3 - 0). Let z = 6 - 2. Let p = z + g. What is the units digit of p?
2
Suppose -12*q - 200 = -14*q. What is the hundreds digit of q?
1
Let t(i) = -2*i + 2. Let r be t(-1). Suppose -4 = -r*k, -2*s + s = 2*k - 27. What is the tens digit of s?
2
Suppose -14 = -5*h + 2*d + 131, 2*d - 10 = 0. What is the tens digit of h?
3
Let g = -9 - -7. What is the units digit of (12 - 14)*29/g?
9
Suppose 0*s - h - 93 = -2*s, -2 = 2*h. What is the units digit of s?
6
Let w = -96 + 135. Let z = 70 - w. What is the units digit of z?
1
Let m(z) = -z - 1. Let c be m(-1). Let g = -1 - c. Let u = 9 - g. What is the units digit of u?
0
Let w = 83 - 28. What is the tens digit of w?
5
Let m(k) = -k + 11. Let o be m(12). Let z = o - -32. What is the units digit of z?
1
Let g be (-9)/(-6)*2 - 0. What is the tens digit of (0/g)/(-1) + 13?
1
Let w = 286 + -133. What is the tens digit of w?
5
Let n = 165 + -106. What is the tens digit of n?
5
Let h(o) = o**2 - 9*o - 7. Let y be h(9). Let x = y + 10. What is the units digit of x?
3
Let g(f) = f**3 - 10*f**2 - f + 13. Let i be g(10). Suppose t + 3 = 4*h, 4*t - 8 = -i*h - t. What is the units digit of h?
1
Let g(w) = -w - 2. Suppose -l + 4 = -0. Suppose -45 = 5*x - l*j + 2*j, -2*x + 11 = 5*j. What is the units digit of g(x)?
5
Let c(x) = x + 15. Suppose 0*y = y + 11. Let t be -3 + 1 + 3 + y. What is the units digit of c(t)?
5
Suppose -5*q + 4*z = -358, 2*q + 3*z = -0*z + 134. What is the tens digit of q?
7
Suppose 5*p - 62 = -2. Let n = p - 8. What is the units digit of n?
4
Let g(q) = -4*q**2 - q + 4. Let m be g(-3). Let r = -20 - m. What is the units digit of r?
9
What is the units digit of 4/14 - (-1358)/49?
8
Let a be -1*4 - -1 - -1. What is the units digit of -5*a*(-9)/(-30)?
3
Let t be ((-10)/4)/5*0. Suppose -2*r + 18 + 34 = t. What is the units digit of r?
6
Let j = 369 + -143. What is the units digit of j?
6
Let t be (2/(-4))/((-13)/(-286)). Let q = t - -20. What is the units digit of q?
9
Suppose 0 = -0*d + 4*d - 48. Suppose 2*s - 6 = -2*m, d = 5*s - s - m. Suppose -2*v + s = v. What is the units digit of v?
1
Suppose -t + 66 + 17 = 0. What is the tens digit of t?
8
Let x(r) = -r**3 - 4*r**2 - 2*r + 3. Let v be x(-3). Let i be (-1 + 11)*1/2. Suppose -i*g + v*g = -30. What is the units digit of g?
6
Suppose 58 = 2*f - 0. What is the tens digit of f?
2
Let c(n) = n**3 + 4*n**2 + 4*n + 3. Let o be c(-2). Suppose -o*g + 11 = -1. What is the units digit of g?
4
Let x be (-26)/(-1 + 28/20). Let k = -29 - x. What is the tens digit of k?
3
Suppose 5*l - l - 48 = 0. What is the tens digit of l?
1
Suppose c + 0*c - 162 = 0. Suppose 0 = -5*k + l + c, k = -4*l + 29 + 16. Suppose -5*h + 2*h + k = 0. What is the tens digit of h?
1
Let f(g) = 24*g + 2. What is the tens digit of f(6)?
4
Let l = -6 + 10. Suppose -4 = -p - 4*h - 1, l*h = 3*p - 25. What is the units digit of p?
7
Let p(c) = c**2 - 7*c + 3. Suppose 4*w + 21 = 7*w. Let v be p(w). Suppose v*g + 4*l = 11, 2*l - 27 = -5*g + 4*l. What is the units digit of g?
5
Let b(m) = m - 2*m + 0*m + 3*m**2 - m**3 + 1. Let u(g) = g**3 - 9*g**2 + 2*g - 16. Let d be u(9). What is the units digit of b(d)?
3
Suppose 4*u = m - 40, 22 + 6 = m + 2*u. What is the tens digit of m?
3
Let i(t) = t**2 + 7*t - 12. What is the tens digit of i(4)?
3
Let l = 1 + 1. Suppose -l*j + 4*m = 13 + 3, 5*m = 25. Suppose -j*v = 3*v - 60. What is the units digit of v?
2
Suppose 0 = 3*z + 2*z. Suppose -d + 12 = -z*d. Suppose -5*t - 4 = x - 15, 2*x = -5*t + d. What is the units digit of x?
1
Let t = 6 - 3. Suppose 3*h - 20 = t*u - 8, 4*h - 2*u = 24. Let j(c) = 2*c - 6. What is the tens digit of j(h)?
1
Suppose -2*j = -7*j - 2*d + 4, 4*j = d + 11. Suppose 0 = -5*g, j*u - g = u + 5. What is the units digit of u?
5
Suppose h = -5*k + 196, -2*h + 256 - 64 = 5*k. What is the units